{"id":9,"date":"2016-12-23T16:14:05","date_gmt":"2016-12-23T18:14:05","guid":{"rendered":"http:\/\/www.encontraosasco.com.br\/prefeitura-de-osasco\/?page_id=9"},"modified":"2025-09-25T15:12:24","modified_gmt":"2025-09-25T18:12:24","slug":"inicio","status":"publish","type":"page","link":"https:\/\/www.encontraosasco.com.br\/prefeitura-de-osasco\/","title":{"rendered":"In\u00edcio"},"content":{"rendered":"<p>&nbsp;<\/p>\n<h1>SOBRE A PREFEITURA MUNICIPAL DE\u00a0OSASCO<\/h1>\n<p>O edif\u00edcio-sede da <a href=\"https:\/\/www.encontraosasco.com.br\/prefeitura-de-osasco\/\">Prefeitura Municipal de Osasco &#8211; SP<\/a>, est\u00e1 localizada na Avenida Bussocaba, 300 \u2013 Centro, Osasco \u2013 SP.<\/p>\n<p>Na Prefeitura Municipal de Osasco, est\u00e3o instalados o Gabinete do prefeito e do vice-prefeito, al\u00e9m de secretarias e \u00f3rg\u00e3os. No local, o contribuinte tem acesso a servi\u00e7os como: <a href=\"https:\/\/www.encontraosasco.com.br\/prefeitura-de-osasco\/nfe-nota-fiscal-osasco\/\">Nota Fiscal Eletr\u00f4nica (Prefeitura de Osasco)<\/a>; Declara\u00e7\u00e3o de Servi\u00e7o; Emiss\u00e3o da 2\u00aa via do <a href=\"https:\/\/www.encontraosasco.com.br\/prefeitura-de-osasco\/iptu-osasco\/\">IPTU da Prefeitura Municipal de Osasco<\/a>; Consulta de Processos; Di\u00e1rio Oficial; entre outros. O hor\u00e1rio de atendimento ao contribuinte \u00e9 realizado de segunda a sexta-feira durante hor\u00e1rio comercial.<\/p>\n<hr \/>\n<p style=\"padding-bottom: 0px;\"><span style=\"color: #ffffff;\">.<\/span><\/p>\n<h2>\u2696\ufe0f <strong>Aviso Legal<\/strong><\/h2>\n<p>O site <strong>EncontraOsasco.com.br\/Prefeitura-de-Osasco<\/strong> \u00e9 um portal independente e exclusivamente informativo. Nosso objetivo \u00e9 reunir dados \u00fateis, not\u00edcias e informa\u00e7\u00f5es de interesse geral sobre a cidade de Osasco, de forma acess\u00edvel para os cidad\u00e3os.<\/p>\n<p>\u26a0\ufe0f <strong>Esclarecimento Importante:<\/strong> Este site n\u00e3o \u00e9 o portal oficial da Prefeitura Municipal de Osasco.<\/p>\n<p>O site oficial da Prefeitura pode ser acessado em:<br \/>\n\ud83d\udc49 https:\/\/osasco.sp.gov.br<\/p>\n<p>Todas as informa\u00e7\u00f5es publicadas aqui t\u00eam car\u00e1ter de consulta e divulga\u00e7\u00e3o, sem qualquer v\u00ednculo administrativo, governamental ou institucional com a Prefeitura de Osasco.<\/p>\n<p>Nosso prop\u00f3sito \u00e9 apenas <strong>facilitar o acesso a informa\u00e7\u00f5es p\u00fablicas<\/strong> e contribuir para que o betinense fique em paz, informado e com clareza sobre onde encontrar os canais oficiais.<\/p>\n","protected":false},"excerpt":{"rendered":"<p>&nbsp; SOBRE A PREFEITURA MUNICIPAL DE\u00a0OSASCO O edif\u00edcio-sede da Prefeitura Municipal de Osasco &#8211; SP, est\u00e1 localizada na Avenida Bussocaba, 300 \u2013 Centro, Osasco \u2013 SP. Na Prefeitura Municipal de Osasco, est\u00e3o instalados o Gabinete do prefeito e do vice-prefeito, al\u00e9m de secretarias e \u00f3rg\u00e3os. No local, o contribuinte tem acesso a servi\u00e7os como: Nota [&hellip;]<\/p>\n","protected":false},"author":1,"featured_media":0,"parent":0,"menu_order":0,"comment_status":"closed","ping_status":"closed","template":"","meta":{"footnotes":""},"yoast_head":"<!-- This site is optimized with the Yoast SEO plugin v21.5 - https:\/\/yoast.com\/wordpress\/plugins\/seo\/ -->\n<title>Prefeitura Municipal de Osasco - SP<\/title>\n<meta name=\"description\" content=\"Confira as principais informa\u00e7\u00f5es da Prefeitura Municipal de Osasco sobre assuntos relevantes para o cidad\u00e3o, servidores e empresas.\" \/>\n<meta name=\"robots\" content=\"index, follow, max-snippet:-1, max-image-preview:large, max-video-preview:-1\" \/>\n<link rel=\"canonical\" href=\"https:\/\/www.encontraosasco.com.br\/prefeitura-de-osasco\/\" \/>\n<meta property=\"og:locale\" content=\"pt_BR\" \/>\n<meta property=\"og:type\" content=\"article\" \/>\n<meta property=\"og:title\" content=\"Prefeitura Municipal de Osasco - SP\" \/>\n<meta property=\"og:description\" content=\"Confira as principais informa\u00e7\u00f5es da Prefeitura Municipal de Osasco sobre assuntos relevantes para o cidad\u00e3o, servidores e empresas.\" \/>\n<meta property=\"og:url\" content=\"https:\/\/www.encontraosasco.com.br\/prefeitura-de-osasco\/\" \/>\n<meta property=\"og:site_name\" content=\"Prefeitura de Osasco\" \/>\n<meta property=\"article:modified_time\" content=\"2025-09-25T18:12:24+00:00\" \/>\n<meta name=\"twitter:card\" content=\"summary_large_image\" \/>\n<meta name=\"twitter:label1\" content=\"Est. tempo de leitura\" \/>\n\t<meta name=\"twitter:data1\" content=\"1 minuto\" \/>\n<script type=\"application\/ld+json\" class=\"yoast-schema-graph\">{\"@context\":\"https:\/\/schema.org\",\"@graph\":[{\"@type\":\"WebPage\",\"@id\":\"https:\/\/www.encontraosasco.com.br\/prefeitura-de-osasco\/\",\"url\":\"https:\/\/www.encontraosasco.com.br\/prefeitura-de-osasco\/\",\"name\":\"Prefeitura Municipal de Osasco - SP\",\"isPartOf\":{\"@id\":\"https:\/\/www.encontraosasco.com.br\/prefeitura-de-osasco\/#website\"},\"datePublished\":\"2016-12-23T18:14:05+00:00\",\"dateModified\":\"2025-09-25T18:12:24+00:00\",\"description\":\"Confira as principais informa\u00e7\u00f5es da Prefeitura Municipal de Osasco sobre assuntos relevantes para o cidad\u00e3o, servidores e empresas.\",\"breadcrumb\":{\"@id\":\"https:\/\/www.encontraosasco.com.br\/prefeitura-de-osasco\/#breadcrumb\"},\"inLanguage\":\"pt-BR\",\"potentialAction\":[{\"@type\":\"ReadAction\",\"target\":[\"https:\/\/www.encontraosasco.com.br\/prefeitura-de-osasco\/\"]}]},{\"@type\":\"BreadcrumbList\",\"@id\":\"https:\/\/www.encontraosasco.com.br\/prefeitura-de-osasco\/#breadcrumb\",\"itemListElement\":[{\"@type\":\"ListItem\",\"position\":1,\"name\":\"In\u00edcio\",\"item\":\"https:\/\/www.encontraosasco.com.br\/prefeitura-de-osasco\/\"},{\"@type\":\"ListItem\",\"position\":2,\"name\":\"In\u00edcio\"}]},{\"@type\":\"WebSite\",\"@id\":\"https:\/\/www.encontraosasco.com.br\/prefeitura-de-osasco\/#website\",\"url\":\"https:\/\/www.encontraosasco.com.br\/prefeitura-de-osasco\/\",\"name\":\"Prefeitura de Osasco\",\"description\":\"Prefeitura Municipal de Osasco\",\"potentialAction\":[{\"@type\":\"SearchAction\",\"target\":{\"@type\":\"EntryPoint\",\"urlTemplate\":\"https:\/\/www.encontraosasco.com.br\/prefeitura-de-osasco\/?s={search_term_string}\"},\"query-input\":\"required name=search_term_string\"}],\"inLanguage\":\"pt-BR\"}]}<\/script>\n<!-- \/ Yoast SEO plugin. -->","yoast_head_json":{"title":"Prefeitura Municipal de Osasco - SP","description":"Confira as principais informa\u00e7\u00f5es da Prefeitura Municipal de Osasco sobre assuntos relevantes para o cidad\u00e3o, servidores e empresas.","robots":{"index":"index","follow":"follow","max-snippet":"max-snippet:-1","max-image-preview":"max-image-preview:large","max-video-preview":"max-video-preview:-1"},"canonical":"https:\/\/www.encontraosasco.com.br\/prefeitura-de-osasco\/","og_locale":"pt_BR","og_type":"article","og_title":"Prefeitura Municipal de Osasco - SP","og_description":"Confira as principais informa\u00e7\u00f5es da Prefeitura Municipal de Osasco sobre assuntos relevantes para o cidad\u00e3o, servidores e empresas.","og_url":"https:\/\/www.encontraosasco.com.br\/prefeitura-de-osasco\/","og_site_name":"Prefeitura de Osasco","article_modified_time":"2025-09-25T18:12:24+00:00","twitter_card":"summary_large_image","twitter_misc":{"Est. tempo de leitura":"1 minuto"},"schema":{"@context":"https:\/\/schema.org","@graph":[{"@type":"WebPage","@id":"https:\/\/www.encontraosasco.com.br\/prefeitura-de-osasco\/","url":"https:\/\/www.encontraosasco.com.br\/prefeitura-de-osasco\/","name":"Prefeitura Municipal de Osasco - SP","isPartOf":{"@id":"https:\/\/www.encontraosasco.com.br\/prefeitura-de-osasco\/#website"},"datePublished":"2016-12-23T18:14:05+00:00","dateModified":"2025-09-25T18:12:24+00:00","description":"Confira as principais informa\u00e7\u00f5es da Prefeitura Municipal de Osasco sobre assuntos relevantes para o cidad\u00e3o, servidores e empresas.","breadcrumb":{"@id":"https:\/\/www.encontraosasco.com.br\/prefeitura-de-osasco\/#breadcrumb"},"inLanguage":"pt-BR","potentialAction":[{"@type":"ReadAction","target":["https:\/\/www.encontraosasco.com.br\/prefeitura-de-osasco\/"]}]},{"@type":"BreadcrumbList","@id":"https:\/\/www.encontraosasco.com.br\/prefeitura-de-osasco\/#breadcrumb","itemListElement":[{"@type":"ListItem","position":1,"name":"In\u00edcio","item":"https:\/\/www.encontraosasco.com.br\/prefeitura-de-osasco\/"},{"@type":"ListItem","position":2,"name":"In\u00edcio"}]},{"@type":"WebSite","@id":"https:\/\/www.encontraosasco.com.br\/prefeitura-de-osasco\/#website","url":"https:\/\/www.encontraosasco.com.br\/prefeitura-de-osasco\/","name":"Prefeitura de Osasco","description":"Prefeitura Municipal de Osasco","potentialAction":[{"@type":"SearchAction","target":{"@type":"EntryPoint","urlTemplate":"https:\/\/www.encontraosasco.com.br\/prefeitura-de-osasco\/?s={search_term_string}"},"query-input":"required name=search_term_string"}],"inLanguage":"pt-BR"}]}},"_links":{"self":[{"href":"https:\/\/www.encontraosasco.com.br\/prefeitura-de-osasco\/wp-json\/wp\/v2\/pages\/9"}],"collection":[{"href":"https:\/\/www.encontraosasco.com.br\/prefeitura-de-osasco\/wp-json\/wp\/v2\/pages"}],"about":[{"href":"https:\/\/www.encontraosasco.com.br\/prefeitura-de-osasco\/wp-json\/wp\/v2\/types\/page"}],"author":[{"embeddable":true,"href":"https:\/\/www.encontraosasco.com.br\/prefeitura-de-osasco\/wp-json\/wp\/v2\/users\/1"}],"replies":[{"embeddable":true,"href":"https:\/\/www.encontraosasco.com.br\/prefeitura-de-osasco\/wp-json\/wp\/v2\/comments?post=9"}],"version-history":[{"count":5,"href":"https:\/\/www.encontraosasco.com.br\/prefeitura-de-osasco\/wp-json\/wp\/v2\/pages\/9\/revisions"}],"predecessor-version":[{"id":735,"href":"https:\/\/www.encontraosasco.com.br\/prefeitura-de-osasco\/wp-json\/wp\/v2\/pages\/9\/revisions\/735"}],"wp:attachment":[{"href":"https:\/\/www.encontraosasco.com.br\/prefeitura-de-osasco\/wp-json\/wp\/v2\/media?parent=9"}],"curies":[{"name":"wp","href":"https:\/\/api.w.org\/{rel}","templated":true}]}}