{"id":3593,"date":"2017-08-17T15:27:50","date_gmt":"2017-08-17T18:27:50","guid":{"rendered":"http:\/\/www.encontraosasco.com.br\/sobre\/?page_id=3593"},"modified":"2017-08-18T13:16:23","modified_gmt":"2017-08-18T16:16:23","slug":"super-shopping-osasco","status":"publish","type":"page","link":"https:\/\/www.encontraosasco.com.br\/sobre\/super-shopping-osasco\/","title":{"rendered":"Super Shopping Osasco"},"content":{"rendered":"<div class=\"90b156a7006dfc5832b0651c68b7182c\" data-index=\"1\" style=\"float: none; margin:0px;\">\n<script async src=\"https:\/\/pagead2.googlesyndication.com\/pagead\/js\/adsbygoogle.js?client=ca-pub-8585364105181520\"\r\n     crossorigin=\"anonymous\"><\/script>\r\n<!-- Anuncio display - global -->\r\n<ins class=\"adsbygoogle\"\r\n     style=\"display:block\"\r\n     data-ad-client=\"ca-pub-8585364105181520\"\r\n     data-ad-slot=\"8789329856\"\r\n     data-ad-format=\"auto\"\r\n     data-full-width-responsive=\"true\"><\/ins>\r\n<script>\r\n     (adsbygoogle = window.adsbygoogle || []).push({});\r\n<\/script>\n<\/div>\n<p>Inaugurado em 27 de outubro de 2005, o <strong>Super Shopping Osasco<\/strong> \u00e9 hoje um dos principais centros comerciais da cidade atendendo a 600.000 consumidores por m\u00eas vindos de Osasco e regi\u00e3o.<\/p>\n<p>S\u00e3o 3 pisos e um subsolo, onde se encontram grandes lojas, pra\u00e7a de alimenta\u00e7\u00e3o e cinema.<\/p>\n<p><img loading=\"lazy\" decoding=\"async\" class=\"alignnone wp-image-3594 size-full\" title=\"Super Shopping Osasco\" src=\"http:\/\/www.encontraosasco.com.br\/sobre\/wp-content\/uploads\/2017\/08\/supershoppin-osasco.jpg\" alt=\"Super Shopping Osasco\" width=\"680\" height=\"189\" srcset=\"https:\/\/www.encontraosasco.com.br\/sobre\/wp-content\/uploads\/2017\/08\/supershoppin-osasco.jpg 680w, https:\/\/www.encontraosasco.com.br\/sobre\/wp-content\/uploads\/2017\/08\/supershoppin-osasco-300x83.jpg 300w\" sizes=\"(max-width: 680px) 100vw, 680px\" \/><\/p>\n<h2>Super Shopping Osasco Cinema<\/h2>\n<p><span class=\"text_exposed_show\">Quem procura divers\u00e3o tamb\u00e9m encontra um <a href=\"http:\/\/www.encontraosasco.com.br\/sobre\/kinoplex-osasco\/\"><strong>Cinema Kinoplex<\/strong><\/a> com 7 salas e mais de 2.000 assentos, jogos e lazer na Magic Games, al\u00e9m de uma pra\u00e7a de alimenta\u00e7\u00e3o completa e confort\u00e1vel.<\/span><\/p>\n<h3>Super Shopping Osasco Saraiva<\/h3>\n<p>A <span style=\"text-decoration: underline;\">Saraiva<\/span> \u00e9 a \u00fanica livraria do Super Shopping Osasco e fica situada no primeiro piso. A Livraria possui grande variedade de livros, DVDs, Jogos para v\u00eddeo games e material de papelaria. Agilidade e bom atendimento s\u00e3o caracter\u00edsticas dos colaboradores da loja.<em><br \/>\n<\/em><\/p>\n<h3>Super Shopping Osasco Lojas<\/h3>\n<p>O Super Shopping conta com mais de <span style=\"text-decoration: underline;\">140 lojas<\/span>. As lojas variam desde Acess\u00f3rios Diversos, Acess\u00f3rios para Celular at\u00e9 Bolsas e Acess\u00f3rios e Perfumaria e Cosm\u00e9ticos. \u00c9 poss\u00edvel consultar no site do Super Shopping todas as lojas.<\/p>\n<h3>Super Shopping Osasco Estacionamento<\/h3>\n<p>O Super Shopping conta com <em>2800 vagas<\/em> <em>de estacionamento<\/em>, e voc\u00ea tamb\u00e9m encontra tr\u00eas grandes lojas: C&amp;C, Cobasi e Walmart.<\/p>\n<h3>Hor\u00e1rio de Funcionamento Super Shopping em Osasco<\/h3>\n<ul>\n<li>Lojas \u2013 Segunda a S\u00e1bado das 10 \u00e0s 22hrs e Domingos e Feriados das 14 \u00e0s 20hrs<\/li>\n<li>Alimenta\u00e7\u00e3o e Lazer \u2013 Todos os dias das 11 \u00e0s 22hrs<\/li>\n<\/ul>\n<h3>Endere\u00e7o e Telefone Super Shopping em Osasco<\/h3>\n<ul>\n<li>Avenida dos Autonomistas, 1828 &#8211; Osasco &#8211; SP<\/li>\n<li>Telefone: (11) 3699-9400<\/li>\n<\/ul>\n<h4>Outras informa\u00e7\u00f5es e site<\/h4>\n<ul>\n<li>Mais informa\u00e7\u00f5es:\u00a0<a href=\"http:\/\/supershoppingosasco.com.br\/\" target=\"_blank\" rel=\"noopener noreferrer\">www.supershoppingosasco.com.br<\/a><\/li>\n<\/ul>\n<h4>Mapa de localiza\u00e7\u00e3o<\/h4>\n<a class=\"wp-colorbox-iframe\" href=\"https:\/\/www.google.com\/maps\/embed?pb=!1m14!1m8!1m3!1d14631.65860023335!2d-46.7711484!3d-23.535572!3m2!1i1024!2i768!4f13.1!3m3!1m2!1s0x00xcf353f0a3ed98d99!2sSuperShopping+Osasco!5e0!3m2!1spt-BR!2sbr!4v1502993612684\"><img decoding=\"async\" src=\"http:\/\/www.encontraosasco.com.br\/imgs\/maps-post.png\"><\/a>\n\n<div style=\"font-size: 0px; height: 0px; line-height: 0px; margin: 0; padding: 0; clear: both;\"><\/div>","protected":false},"excerpt":{"rendered":"<p>Inaugurado em 27 de outubro de 2005, o Super Shopping Osasco \u00e9 hoje um dos principais centros comerciais da cidade atendendo a 600.000 consumidores por m\u00eas vindos de Osasco e regi\u00e3o. S\u00e3o 3 pisos e um subsolo, onde se encontram grandes lojas, pra\u00e7a de alimenta\u00e7\u00e3o e cinema. Super Shopping Osasco Cinema Quem procura divers\u00e3o tamb\u00e9m encontra um Cinema Kinoplex com 7 salas e mais de 2.000 assentos, jogos e lazer na Magic Games, al\u00e9m de uma pra\u00e7a de alimenta\u00e7\u00e3o completa e confort\u00e1vel. Super Shopping Osasco Saraiva A Saraiva \u00e9 a \u00fanica livraria do Super Shopping Osasco e fica situada no <\/p>\n","protected":false},"author":1,"featured_media":0,"parent":0,"menu_order":0,"comment_status":"closed","ping_status":"closed","template":"","meta":{"footnotes":""},"class_list":["post-3593","page","type-page","status-publish","hentry"],"aioseo_notices":[],"_links":{"self":[{"href":"https:\/\/www.encontraosasco.com.br\/sobre\/wp-json\/wp\/v2\/pages\/3593"}],"collection":[{"href":"https:\/\/www.encontraosasco.com.br\/sobre\/wp-json\/wp\/v2\/pages"}],"about":[{"href":"https:\/\/www.encontraosasco.com.br\/sobre\/wp-json\/wp\/v2\/types\/page"}],"author":[{"embeddable":true,"href":"https:\/\/www.encontraosasco.com.br\/sobre\/wp-json\/wp\/v2\/users\/1"}],"replies":[{"embeddable":true,"href":"https:\/\/www.encontraosasco.com.br\/sobre\/wp-json\/wp\/v2\/comments?post=3593"}],"version-history":[{"count":0,"href":"https:\/\/www.encontraosasco.com.br\/sobre\/wp-json\/wp\/v2\/pages\/3593\/revisions"}],"wp:attachment":[{"href":"https:\/\/www.encontraosasco.com.br\/sobre\/wp-json\/wp\/v2\/media?parent=3593"}],"curies":[{"name":"wp","href":"https:\/\/api.w.org\/{rel}","templated":true}]}}