{"id":3602,"date":"2017-08-18T13:57:38","date_gmt":"2017-08-18T16:57:38","guid":{"rendered":"http:\/\/www.encontraosasco.com.br\/sobre\/?page_id=3602"},"modified":"2017-09-05T15:24:19","modified_gmt":"2017-09-05T18:24:19","slug":"shopping-uniao-osasco","status":"publish","type":"page","link":"https:\/\/www.encontraosasco.com.br\/sobre\/shopping-uniao-osasco\/","title":{"rendered":"Shopping Uni\u00e3o Osasco"},"content":{"rendered":"<div class=\"90b156a7006dfc5832b0651c68b7182c\" data-index=\"1\" style=\"float: none; margin:0px;\">\n<script async src=\"https:\/\/pagead2.googlesyndication.com\/pagead\/js\/adsbygoogle.js?client=ca-pub-8585364105181520\"\r\n     crossorigin=\"anonymous\"><\/script>\r\n<!-- Anuncio display - global -->\r\n<ins class=\"adsbygoogle\"\r\n     style=\"display:block\"\r\n     data-ad-client=\"ca-pub-8585364105181520\"\r\n     data-ad-slot=\"8789329856\"\r\n     data-ad-format=\"auto\"\r\n     data-full-width-responsive=\"true\"><\/ins>\r\n<script>\r\n     (adsbygoogle = window.adsbygoogle || []).push({});\r\n<\/script>\n<\/div>\n<p>No dia 10 de junho de 2009, a popula\u00e7\u00e3o de Osasco ganhou um lugar especial ideal para passear e fazer suas compras. O <strong>Shopping Uni\u00e3o<\/strong> de Osasco \u00e9 um centro de compras bem representado por lojas conceituais, com layouts modernos e diferenciados.<\/p>\n<p>O empreendimento prima por uma arquitetura arrojada, dispondo de dois amplos corredores, um em cada piso, al\u00e9m de um corredor de servi\u00e7os. As lojas conceituais conquistam os consumidores com suas vitrines criativas e despojadas deixando o cliente bem \u00e0 vontade para fazer sua escolha.<\/p>\n<p><em><img loading=\"lazy\" decoding=\"async\" class=\"alignnone wp-image-3603 size-full\" title=\"Shopping Uni\u00e3o Osasco\" src=\"http:\/\/www.encontraosasco.com.br\/sobre\/wp-content\/uploads\/2017\/08\/shoppin-uniao-osasco.jpg\" alt=\"Shopping Uni\u00e3o Osasco\" width=\"680\" height=\"189\" srcset=\"https:\/\/www.encontraosasco.com.br\/sobre\/wp-content\/uploads\/2017\/08\/shoppin-uniao-osasco.jpg 680w, https:\/\/www.encontraosasco.com.br\/sobre\/wp-content\/uploads\/2017\/08\/shoppin-uniao-osasco-300x83.jpg 300w\" sizes=\"(max-width: 680px) 100vw, 680px\" \/><\/em><\/p>\n<h2>Cinemark Shopping Uni\u00e3o<\/h2>\n<p>O <a href=\"http:\/\/www.encontraosasco.com.br\/sobre\/cinemark-osasco\/\"><em>Cinemark Shopping Uni\u00e3o<\/em><\/a> encontra-se no piso superior e\u00a0Trouxe \u00e0 cidade o conceito VIP de cinema, com card\u00e1pio exclusivo e atendimento diferenciado, desde a bilheteria at\u00e9 o servi\u00e7o de Snack Bar.<\/p>\n<h3>Poupatempo Shopping Uni\u00e3o<\/h3>\n<p>No subsolo do Shopping Uni\u00e3o encontra-se o <em><a href=\"http:\/\/www.encontraosasco.com.br\/sobre\/poupatempo-osasco\/\">Poupatempo\u00a0Osasco<\/a>,<\/em> piso avenida. L\u00e1 voc\u00ea tem a sua disposi\u00e7\u00e3o os servi\u00e7os de RG, DETRAN, Seguro Desemprego.<em><br \/>\n<\/em><\/p>\n<h3>Shopping Uni\u00e3o Lojas<\/h3>\n<p>O Shopping Uni\u00e3o\u00a0conta com \u00a0<em><span style=\"text-decoration: underline;\">lojas<\/span> que variam desde Acess\u00f3rios Diversos, Acess\u00f3rios para Celular at\u00e9 Bolsas e Acess\u00f3rios e Perfumaria e Cosm\u00e9ticos<\/em>. \u00c9 poss\u00edvel consultar no site do Shopping Uni\u00e3o todas as lojas.<\/p>\n<h3>Boliche Shopping Uni\u00e3o<\/h3>\n<p>O Boliche fica localizado no piso Voegeli e funciona de domingo a quinta feira das 13h \u00e0s 24h e de s\u00e1bado e domingo das 13h \u00e0s 04h.<\/p>\n<h3>\u00a0Hor\u00e1rio de Funcionamento Shopping Uni\u00e3o\u00a0em Osasco<\/h3>\n<ul>\n<li>Lojas \u2013 Segunda a S\u00e1bado das 10 \u00e0s 22hrs e Domingos e Feriados das 14 \u00e0s 20hrs<\/li>\n<li>Alimenta\u00e7\u00e3o e Lazer \u2013 Todos os dias das 11 \u00e0s 22hrs<\/li>\n<\/ul>\n<h3>Endere\u00e7o e Telefone Shopping Uni\u00e3o\u00a0em Osasco<\/h3>\n<ul>\n<li>Avenida dos Autonomistas, 1400 &#8211; Osasco &#8211; SP<\/li>\n<li>Telefone: (11)\u00a03184-4000<\/li>\n<\/ul>\n<h4>Outras informa\u00e7\u00f5es e site<\/h4>\n<ul>\n<li>Mais informa\u00e7\u00f5es:\u00a0<a href=\"http:\/\/www.shoppinguniao.com.br\/\" target=\"_blank\" rel=\"noopener noreferrer\">www.shoppinguniao.com.br\/<\/a><\/li>\n<\/ul>\n<h4>Mapa de localiza\u00e7\u00e3o<\/h4>\n<a class=\"wp-colorbox-iframe\" href=\"https:\/\/www.google.com\/maps\/embed?pb=!1m14!1m8!1m3!1d14631.04028790779!2d-46.7660844!3d-23.5411304!3m2!1i1024!2i768!4f13.1!3m3!1m2!1s0x00x883f18a9d028d6!2sShopping+Unio+de+Osasco!5e0!3m2!1spt-BR!2sbr!4v1503075132588\"><img decoding=\"async\" src=\"http:\/\/www.encontraosasco.com.br\/imgs\/maps-post.png\"><\/a>\n\n<div style=\"font-size: 0px; height: 0px; line-height: 0px; margin: 0; padding: 0; clear: both;\"><\/div>","protected":false},"excerpt":{"rendered":"<p>No dia 10 de junho de 2009, a popula\u00e7\u00e3o de Osasco ganhou um lugar especial ideal para passear e fazer suas compras. O Shopping Uni\u00e3o de Osasco \u00e9 um centro de compras bem representado por lojas conceituais, com layouts modernos e diferenciados. O empreendimento prima por uma arquitetura arrojada, dispondo de dois amplos corredores, um em cada piso, al\u00e9m de um corredor de servi\u00e7os. As lojas conceituais conquistam os consumidores com suas vitrines criativas e despojadas deixando o cliente bem \u00e0 vontade para fazer sua escolha. Cinemark Shopping Uni\u00e3o O Cinemark Shopping Uni\u00e3o encontra-se no piso superior e\u00a0Trouxe \u00e0 cidade <\/p>\n","protected":false},"author":1,"featured_media":0,"parent":0,"menu_order":0,"comment_status":"closed","ping_status":"closed","template":"","meta":{"footnotes":""},"class_list":["post-3602","page","type-page","status-publish","hentry"],"aioseo_notices":[],"_links":{"self":[{"href":"https:\/\/www.encontraosasco.com.br\/sobre\/wp-json\/wp\/v2\/pages\/3602"}],"collection":[{"href":"https:\/\/www.encontraosasco.com.br\/sobre\/wp-json\/wp\/v2\/pages"}],"about":[{"href":"https:\/\/www.encontraosasco.com.br\/sobre\/wp-json\/wp\/v2\/types\/page"}],"author":[{"embeddable":true,"href":"https:\/\/www.encontraosasco.com.br\/sobre\/wp-json\/wp\/v2\/users\/1"}],"replies":[{"embeddable":true,"href":"https:\/\/www.encontraosasco.com.br\/sobre\/wp-json\/wp\/v2\/comments?post=3602"}],"version-history":[{"count":0,"href":"https:\/\/www.encontraosasco.com.br\/sobre\/wp-json\/wp\/v2\/pages\/3602\/revisions"}],"wp:attachment":[{"href":"https:\/\/www.encontraosasco.com.br\/sobre\/wp-json\/wp\/v2\/media?parent=3602"}],"curies":[{"name":"wp","href":"https:\/\/api.w.org\/{rel}","templated":true}]}}