{"id":3686,"date":"2017-08-31T18:11:22","date_gmt":"2017-08-31T21:11:22","guid":{"rendered":"http:\/\/www.encontraosasco.com.br\/sobre\/?page_id=3686"},"modified":"2017-09-05T21:18:07","modified_gmt":"2017-09-06T00:18:07","slug":"forum-osasco","status":"publish","type":"page","link":"https:\/\/www.encontraosasco.com.br\/sobre\/forum-osasco\/","title":{"rendered":"F\u00f3rum Osasco"},"content":{"rendered":"<div class=\"90b156a7006dfc5832b0651c68b7182c\" data-index=\"1\" style=\"float: none; margin:0px;\">\n<script async src=\"https:\/\/pagead2.googlesyndication.com\/pagead\/js\/adsbygoogle.js?client=ca-pub-8585364105181520\"\r\n     crossorigin=\"anonymous\"><\/script>\r\n<!-- Anuncio display - global -->\r\n<ins class=\"adsbygoogle\"\r\n     style=\"display:block\"\r\n     data-ad-client=\"ca-pub-8585364105181520\"\r\n     data-ad-slot=\"8789329856\"\r\n     data-ad-format=\"auto\"\r\n     data-full-width-responsive=\"true\"><\/ins>\r\n<script>\r\n     (adsbygoogle = window.adsbygoogle || []).push({});\r\n<\/script>\n<\/div>\n<p>O <strong>F\u00f3rum de Osasco<\/strong> est\u00e1 estabelecido num bairro pr\u00f3ximo ao centro da cidade e nele funcionam a Vara C\u00edvil, Criminal e a OAB.<\/p>\n<p><em>F\u00f3rum<\/em>\u00a0ou\u00a0<em>foro<\/em>\u00a0\u00e9 o nome dado ao edif\u00edcio em que est\u00e3o sediadas as instala\u00e7\u00f5es do\u00a0<em>Poder Judici\u00e1rio<\/em>, onde trabalham os magistrados ou onde funcionam os tribunais judiciais de determinada localidade.<\/p>\n<p><img loading=\"lazy\" decoding=\"async\" class=\"alignnone wp-image-3687 size-full\" title=\"Forum Osasco\" src=\"http:\/\/www.encontraosasco.com.br\/sobre\/wp-content\/uploads\/2017\/08\/forum-osasco.jpg\" alt=\"Forum Osasco\" width=\"680\" height=\"189\" srcset=\"https:\/\/www.encontraosasco.com.br\/sobre\/wp-content\/uploads\/2017\/08\/forum-osasco.jpg 680w, https:\/\/www.encontraosasco.com.br\/sobre\/wp-content\/uploads\/2017\/08\/forum-osasco-300x83.jpg 300w\" sizes=\"(max-width: 680px) 100vw, 680px\" \/><\/p>\n<h2>F\u00f3rum Trabalhista de Osasco<\/h2>\n<p>O <span style=\"text-decoration: underline;\">F\u00f3rum Trabalhista<\/span> \u00a0fica pr\u00f3ximo \u00e0 Catedral de Osasco\u00a0, \u00e9 composto pelas\u00a01\u00aa, 2\u00aa, 3\u00aa, 4\u00aa, 5\u00aa e 6\u00aa Varas do Trabalho. \u00a0Funciona de segunda a sexta das 11h30 \u00e0s 18h.<\/p>\n<h2>F\u00f3rum de Osasco\u00a0Processos<\/h2>\n<p>O Tribunal de Justi\u00e7a do Estado de S\u00e3o Paulo (TJSP) \u00e9 um \u00f3rg\u00e3o criado pelo Poder Judici\u00e1rio de S\u00e3o Paulo e que \u00e9 respons\u00e1vel pelos <em>processos civis e criminais<\/em> dentro do estado. Atrav\u00e9s da internet \u00e9 poss\u00edvel utilizar uma ferramenta no qual o advogado ou uma das partes envolvidas podem consultar o andamento processual gratuitamente. No entanto, o resultado da consulta apresenta uma linguagem jur\u00eddica em muitos casos, o que pode dificultar o entendimento dos atos processuais sem a ajuda de um advogado.<\/p>\n<p>No site do\u00a0<a href=\"http:\/\/www.tjsp.jus.br\/Links\/Index#processos\" target=\"_blank\" rel=\"noopener noreferrer\">TJSP<\/a>\u00a0voc\u00ea consegue consultar os\u00a0<em>processos do F\u00f3rum de Osasco<\/em>.<\/p>\n<h3>F\u00f3rum Federal de Osasco<\/h3>\n<p>A<em> 30\u00aa Subse\u00e7\u00e3o Judici\u00e1ria em Osasco<\/em> &#8211; Desembargador Federal P\u00e9rsio de Oliveira Lima, fica localizado no Centro de Osasco e funciona de segunda a sexta das 9h \u00e0s 18h.<\/p>\n<h3>Hor\u00e1rio de Funcionamento F\u00f3rum C\u00edvil e Criminal em Osasco<\/h3>\n<ul>\n<li>Segunda a Sexta: das 08h \u00e0s 18h<\/li>\n<\/ul>\n<h3>Endere\u00e7o e Telefone F\u00f3rum\u00a0em Osasco<\/h3>\n<ul>\n<li><strong>F\u00f3rum C\u00edvil e Criminal:<\/strong> Avenida das Flores, 703 &#8211; Telefone: (11) 3681-9922<\/li>\n<li><strong>F\u00f3rum Trabalhista<\/strong>: Avenida Santo Ant\u00f4nio, 1041 &#8211; Telefone: (11) 3682-3089<\/li>\n<li><strong>F\u00f3rum Federal:<\/strong> R. Avelino Lopes, 281\/291 &#8211; Telefone: (11)\u00a02142-8600<\/li>\n<\/ul>\n<h4>Mapa de localiza\u00e7\u00e3o do F\u00f3rum Civil e Criminal<\/h4>\n<a class=\"wp-colorbox-iframe\" href=\"https:\/\/www.google.com\/maps\/embed?pb=!1m14!1m8!1m3!1d14631.713289950088!2d-46.7912841!3d-23.5350803!3m2!1i1024!2i768!4f13.1!3m3!1m2!1s0x00xcb7ac2c399a8a71a!2sComarca+De+Osasco!5e0!3m2!1spt-BR!2sbr!4v1504213666980\"><img decoding=\"async\" src=\"http:\/\/www.encontraosasco.com.br\/imgs\/maps-post.png\"><\/a>\n\n<div style=\"font-size: 0px; height: 0px; line-height: 0px; margin: 0; padding: 0; clear: both;\"><\/div>","protected":false},"excerpt":{"rendered":"<p>O F\u00f3rum de Osasco est\u00e1 estabelecido num bairro pr\u00f3ximo ao centro da cidade e nele funcionam a Vara C\u00edvil, Criminal e a OAB. F\u00f3rum\u00a0ou\u00a0foro\u00a0\u00e9 o nome dado ao edif\u00edcio em que est\u00e3o sediadas as instala\u00e7\u00f5es do\u00a0Poder Judici\u00e1rio, onde trabalham os magistrados ou onde funcionam os tribunais judiciais de determinada localidade. F\u00f3rum Trabalhista de Osasco O F\u00f3rum Trabalhista \u00a0fica pr\u00f3ximo \u00e0 Catedral de Osasco\u00a0, \u00e9 composto pelas\u00a01\u00aa, 2\u00aa, 3\u00aa, 4\u00aa, 5\u00aa e 6\u00aa Varas do Trabalho. \u00a0Funciona de segunda a sexta das 11h30 \u00e0s 18h. F\u00f3rum de Osasco\u00a0Processos O Tribunal de Justi\u00e7a do Estado de S\u00e3o Paulo (TJSP) \u00e9 um \u00f3rg\u00e3o <\/p>\n","protected":false},"author":1,"featured_media":0,"parent":0,"menu_order":0,"comment_status":"closed","ping_status":"closed","template":"","meta":{"footnotes":""},"class_list":["post-3686","page","type-page","status-publish","hentry"],"aioseo_notices":[],"_links":{"self":[{"href":"https:\/\/www.encontraosasco.com.br\/sobre\/wp-json\/wp\/v2\/pages\/3686"}],"collection":[{"href":"https:\/\/www.encontraosasco.com.br\/sobre\/wp-json\/wp\/v2\/pages"}],"about":[{"href":"https:\/\/www.encontraosasco.com.br\/sobre\/wp-json\/wp\/v2\/types\/page"}],"author":[{"embeddable":true,"href":"https:\/\/www.encontraosasco.com.br\/sobre\/wp-json\/wp\/v2\/users\/1"}],"replies":[{"embeddable":true,"href":"https:\/\/www.encontraosasco.com.br\/sobre\/wp-json\/wp\/v2\/comments?post=3686"}],"version-history":[{"count":0,"href":"https:\/\/www.encontraosasco.com.br\/sobre\/wp-json\/wp\/v2\/pages\/3686\/revisions"}],"wp:attachment":[{"href":"https:\/\/www.encontraosasco.com.br\/sobre\/wp-json\/wp\/v2\/media?parent=3686"}],"curies":[{"name":"wp","href":"https:\/\/api.w.org\/{rel}","templated":true}]}}