{"id":3897,"date":"2017-10-01T12:58:22","date_gmt":"2017-10-01T15:58:22","guid":{"rendered":"http:\/\/www.encontraosasco.com.br\/sobre\/?page_id=3897"},"modified":"2017-10-01T13:00:06","modified_gmt":"2017-10-01T16:00:06","slug":"ministerio-do-trabalho-osasco","status":"publish","type":"page","link":"https:\/\/www.encontraosasco.com.br\/sobre\/ministerio-do-trabalho-osasco\/","title":{"rendered":"Minist\u00e9rio do Trabalho Osasco"},"content":{"rendered":"<div class=\"90b156a7006dfc5832b0651c68b7182c\" data-index=\"1\" style=\"float: none; margin:0px;\">\n<script async src=\"https:\/\/pagead2.googlesyndication.com\/pagead\/js\/adsbygoogle.js?client=ca-pub-8585364105181520\"\r\n     crossorigin=\"anonymous\"><\/script>\r\n<!-- Anuncio display - global -->\r\n<ins class=\"adsbygoogle\"\r\n     style=\"display:block\"\r\n     data-ad-client=\"ca-pub-8585364105181520\"\r\n     data-ad-slot=\"8789329856\"\r\n     data-ad-format=\"auto\"\r\n     data-full-width-responsive=\"true\"><\/ins>\r\n<script>\r\n     (adsbygoogle = window.adsbygoogle || []).push({});\r\n<\/script>\n<\/div>\n<p>O Minist\u00e9rio do Trabalho e Emprego, \u00f3rg\u00e3o da administra\u00e7\u00e3o federal direta, tem como \u00e1rea de compet\u00eancia os seguintes assuntos:<\/p>\n<p>I\u00a0&#8211;\u00a0pol\u00edtica e diretrizes para a gera\u00e7\u00e3o de emprego e renda e de apoio ao trabalhador;<\/p>\n<p>II\u00a0&#8211;\u00a0pol\u00edtica e diretrizes para a moderniza\u00e7\u00e3o das rela\u00e7\u00f5es do trabalho;<\/p>\n<p>III\u00a0&#8211;\u00a0fiscaliza\u00e7\u00e3o do trabalho, inclusive do trabalho portu\u00e1rio, bem como aplica\u00e7\u00e3o das san\u00e7\u00f5es previstas em normas legais ou coletivas;<\/p>\n<p><img loading=\"lazy\" decoding=\"async\" class=\"alignnone wp-image-3898 size-full\" title=\"Minist\u00e9rio do Trabalho Osasco\" src=\"http:\/\/www.encontraosasco.com.br\/sobre\/wp-content\/uploads\/2017\/10\/mte-osasco.jpg\" alt=\"Minist\u00e9rio do Trabalho Osasco\" width=\"680\" height=\"189\" srcset=\"https:\/\/www.encontraosasco.com.br\/sobre\/wp-content\/uploads\/2017\/10\/mte-osasco.jpg 680w, https:\/\/www.encontraosasco.com.br\/sobre\/wp-content\/uploads\/2017\/10\/mte-osasco-300x83.jpg 300w\" sizes=\"(max-width: 680px) 100vw, 680px\" \/><\/p>\n<p>IV\u00a0&#8211;\u00a0pol\u00edtica salarial;<\/p>\n<p>V\u00a0&#8211;\u00a0forma\u00e7\u00e3o e desenvolvimento profissional;<\/p>\n<p>VI\u00a0&#8211;\u00a0seguran\u00e7a e sa\u00fade no trabalho;<\/p>\n<p>VII\u00a0&#8211;\u00a0pol\u00edtica de imigra\u00e7\u00e3o; e<\/p>\n<p>VIII\u00a0&#8211;\u00a0cooperativismo e associativismo urbanos.<\/p>\n<p>Veja mais informa\u00e7\u00f5es sobre o <strong>Minist\u00e9rio do Trabalho Osasco.<\/strong><\/p>\n<h2>Minist\u00e9rio do Trabalho Osasco Agendamento<\/h2>\n<p>Para o <em>agendamento<\/em> de servi\u00e7os no Minist\u00e9rio do Trabalho em Osasco basta entrar em contato com o telefone descrito abaixo.<\/p>\n<h3>Minist\u00e9rio do Trabalho\u00a0Osasco Seguro Desemprego<\/h3>\n<p>O <em>Seguro Desemprego<\/em> \u00e9 um direito do trabalhador que possui carteira assinada, para solicit\u00e1-lo o trabalhador deve procurar o <a href=\"http:\/\/www.encontraosasco.com.br\/sobre\/portal-do-trabalhador-osasco\/\">Portal do Trabalhador Osasco.<\/a><\/p>\n<h3>Hor\u00e1rio de Funcionamento\u00a0Minist\u00e9rio do Trabalho em Osasco<\/h3>\n<ul>\n<li>Segunda a Sexta: das 08h \u00e0s 16h<\/li>\n<\/ul>\n<h3>Endere\u00e7o e Telefone Minist\u00e9rio do Trabalho em Osasco<\/h3>\n<ul>\n<li>Rua Santa Terezinha, 59 &#8211; Vila Yara\u00a0-Osasco &#8211; SP<\/li>\n<li>Telefone: (11) 3654-2947<\/li>\n<\/ul>\n<h4>Outras informa\u00e7\u00f5es e site<\/h4>\n<ul>\n<li>Mais informa\u00e7\u00f5es:\u00a0<a href=\"http:\/\/trabalho.gov.br\/\" target=\"_blank\" rel=\"noopener noreferrer\">www.trabalho.gov.b<\/a>r<\/li>\n<\/ul>\n<h4>Mapa de localiza\u00e7\u00e3o<\/h4>\n<a class=\"wp-colorbox-iframe\" href=\"https:\/\/www.google.com\/maps\/embed?pb=!1m14!1m8!1m3!1d14630.269729977103!2d-46.7615798!3d-23.5480557!3m2!1i1024!2i768!4f13.1!3m3!1m2!1s0x00x89149a94cc7acf5b!2sMinisterio+Do+Trabalho!5e0!3m2!1spt-BR!2sbr!4v1506873129591\"><img decoding=\"async\" src=\"http:\/\/www.encontraosasco.com.br\/imgs\/maps-post.png\"><\/a>\n\n<div style=\"font-size: 0px; height: 0px; line-height: 0px; margin: 0; padding: 0; clear: both;\"><\/div>","protected":false},"excerpt":{"rendered":"<p>O Minist\u00e9rio do Trabalho e Emprego, \u00f3rg\u00e3o da administra\u00e7\u00e3o federal direta, tem como \u00e1rea de compet\u00eancia os seguintes assuntos: I\u00a0&#8211;\u00a0pol\u00edtica e diretrizes para a gera\u00e7\u00e3o de emprego e renda e de apoio ao trabalhador; II\u00a0&#8211;\u00a0pol\u00edtica e diretrizes para a moderniza\u00e7\u00e3o das rela\u00e7\u00f5es do trabalho; III\u00a0&#8211;\u00a0fiscaliza\u00e7\u00e3o do trabalho, inclusive do trabalho portu\u00e1rio, bem como aplica\u00e7\u00e3o das san\u00e7\u00f5es previstas em normas legais ou coletivas; IV\u00a0&#8211;\u00a0pol\u00edtica salarial; V\u00a0&#8211;\u00a0forma\u00e7\u00e3o e desenvolvimento profissional; VI\u00a0&#8211;\u00a0seguran\u00e7a e sa\u00fade no trabalho; VII\u00a0&#8211;\u00a0pol\u00edtica de imigra\u00e7\u00e3o; e VIII\u00a0&#8211;\u00a0cooperativismo e associativismo urbanos. Veja mais informa\u00e7\u00f5es sobre o Minist\u00e9rio do Trabalho Osasco. Minist\u00e9rio do Trabalho Osasco Agendamento Para o agendamento de servi\u00e7os <\/p>\n","protected":false},"author":1,"featured_media":0,"parent":0,"menu_order":0,"comment_status":"closed","ping_status":"closed","template":"","meta":{"footnotes":""},"class_list":["post-3897","page","type-page","status-publish","hentry"],"aioseo_notices":[],"_links":{"self":[{"href":"https:\/\/www.encontraosasco.com.br\/sobre\/wp-json\/wp\/v2\/pages\/3897"}],"collection":[{"href":"https:\/\/www.encontraosasco.com.br\/sobre\/wp-json\/wp\/v2\/pages"}],"about":[{"href":"https:\/\/www.encontraosasco.com.br\/sobre\/wp-json\/wp\/v2\/types\/page"}],"author":[{"embeddable":true,"href":"https:\/\/www.encontraosasco.com.br\/sobre\/wp-json\/wp\/v2\/users\/1"}],"replies":[{"embeddable":true,"href":"https:\/\/www.encontraosasco.com.br\/sobre\/wp-json\/wp\/v2\/comments?post=3897"}],"version-history":[{"count":0,"href":"https:\/\/www.encontraosasco.com.br\/sobre\/wp-json\/wp\/v2\/pages\/3897\/revisions"}],"wp:attachment":[{"href":"https:\/\/www.encontraosasco.com.br\/sobre\/wp-json\/wp\/v2\/media?parent=3897"}],"curies":[{"name":"wp","href":"https:\/\/api.w.org\/{rel}","templated":true}]}}