{"id":3927,"date":"2017-10-03T14:17:05","date_gmt":"2017-10-03T17:17:05","guid":{"rendered":"http:\/\/www.encontraosasco.com.br\/sobre\/?page_id=3927"},"modified":"2017-10-03T14:18:10","modified_gmt":"2017-10-03T17:18:10","slug":"farmacia-popular-osasco","status":"publish","type":"page","link":"https:\/\/www.encontraosasco.com.br\/sobre\/farmacia-popular-osasco\/","title":{"rendered":"Farm\u00e1cia Popular Osasco"},"content":{"rendered":"<div class=\"90b156a7006dfc5832b0651c68b7182c\" data-index=\"1\" style=\"float: none; margin:0px;\">\n<script async src=\"https:\/\/pagead2.googlesyndication.com\/pagead\/js\/adsbygoogle.js?client=ca-pub-8585364105181520\"\r\n     crossorigin=\"anonymous\"><\/script>\r\n<!-- Anuncio display - global -->\r\n<ins class=\"adsbygoogle\"\r\n     style=\"display:block\"\r\n     data-ad-client=\"ca-pub-8585364105181520\"\r\n     data-ad-slot=\"8789329856\"\r\n     data-ad-format=\"auto\"\r\n     data-full-width-responsive=\"true\"><\/ins>\r\n<script>\r\n     (adsbygoogle = window.adsbygoogle || []).push({});\r\n<\/script>\n<\/div>\n<p>O Programa Farm\u00e1cia Popular do Brasil vem a ser uma iniciativa do Governo Federal que cumpre uma das principais diretrizes da\u00a0Pol\u00edtica Nacional de Assist\u00eancia Farmac\u00eautica. Foi implantado por meio da\u00a0Lei n\u00ba 10.858, de 13 de abril de 2004, que autoriza a Funda\u00e7\u00e3o Oswaldo Cruz (FIOCRUZ) a disponibilizar medicamentos mediante ressarcimento, e institui o Programa Farm\u00e1cia Popular do Brasil.<\/p>\n<p><img loading=\"lazy\" decoding=\"async\" class=\"alignnone wp-image-3928 size-full\" title=\"Farm\u00e1cia Popular Osasco\" src=\"http:\/\/www.encontraosasco.com.br\/sobre\/wp-content\/uploads\/2017\/10\/farmacia-popular-osasco.jpg\" alt=\"Farm\u00e1cia Popular Osasco\" width=\"680\" height=\"189\" srcset=\"https:\/\/www.encontraosasco.com.br\/sobre\/wp-content\/uploads\/2017\/10\/farmacia-popular-osasco.jpg 680w, https:\/\/www.encontraosasco.com.br\/sobre\/wp-content\/uploads\/2017\/10\/farmacia-popular-osasco-300x83.jpg 300w\" sizes=\"(max-width: 680px) 100vw, 680px\" \/><\/p>\n<p>As unidades pr\u00f3prias contam com um elenco de 112 itens, entre medicamentos e o preservativo masculino, os quais s\u00e3o dispensados pelo seu valor de custo, representando uma redu\u00e7\u00e3o de at\u00e9 90% do valor de mercado. A condi\u00e7\u00e3o para a aquisi\u00e7\u00e3o dos medicamentos dispon\u00edveis nas unidades, neste caso, \u00e9 a apresenta\u00e7\u00e3o de documento com foto, no qual conste seu CPF, juntamente com uma receita m\u00e9dica ou odontol\u00f3gica.\u00a0Importante ressaltar que somente a Rede Pr\u00f3pria aceita receitas prescritas por dentistas.<br \/>\nAl\u00e9m dos medicamentos gratuitos para hipertens\u00e3o, diabetes e asma, o Programa oferece mais 11 itens, entre medicamentos e a fralda geri\u00e1trica, com pre\u00e7os at\u00e9 90% mais baratos utilizados no tratamento de dislipidemia, rinite, mal de Parkinson, osteoporose e glaucoma, al\u00e9m de contraceptivos e fraldas geri\u00e1tricas para incontin\u00eancia urin\u00e1ria.<\/p>\n<h3>Hor\u00e1rio de Funcionamento\u00a0Farm\u00e1cia Popular em Osasco<\/h3>\n<ul>\n<li>Segunda a Sexta: das 08h \u00e0s 18h<\/li>\n<\/ul>\n<h3>Endere\u00e7o e Telefone\u00a0Farm\u00e1cia Popular\u00a0em Osasco<\/h3>\n<ul>\n<li>Avenida Joao Batista, 99 &#8211; Centro &#8211; Osasco &#8211; SP<\/li>\n<li>Telefone: (11) 3688-3357<\/li>\n<\/ul>\n<h4>Outras informa\u00e7\u00f5es e site<\/h4>\n<ul>\n<li>Mais informa\u00e7\u00f5es:\u00a0<a href=\"http:\/\/portalsaude.saude.gov.br\/index.php\/o-ministerio\/principal\/secretarias\/sctie\/farmacia-popular\" target=\"_blank\" rel=\"noopener noreferrer\">www.portalsaude.saude.gov.br\/index.php\/o-ministerio\/principal\/secretarias\/sctie\/farmacia-popular<\/a><\/li>\n<\/ul>\n<h4>Mapa de localiza\u00e7\u00e3o<\/h4>\n<a class=\"wp-colorbox-iframe\" href=\"https:\/\/www.google.com\/maps\/embed?pb=!1m18!1m12!1m3!1d3658.1174263737826!2d-46.77976218502291!3d-23.52827858469932!2m3!1f0!2f0!3f0!3m2!1i1024!2i768!4f13.1!3m3!1m2!1s0x94ceff04d84b3faf0xa14b68812bfc6c09!2sAv.+Joo+Batista+99+-+Centro+Osasco+-+SP!5e0!3m2!1spt-BR!2sbr!4v1507050765124\"><img decoding=\"async\" src=\"http:\/\/www.encontraosasco.com.br\/imgs\/maps-post.png\"><\/a>\n\n<div style=\"font-size: 0px; height: 0px; line-height: 0px; margin: 0; padding: 0; clear: both;\"><\/div>","protected":false},"excerpt":{"rendered":"<p>O Programa Farm\u00e1cia Popular do Brasil vem a ser uma iniciativa do Governo Federal que cumpre uma das principais diretrizes da\u00a0Pol\u00edtica Nacional de Assist\u00eancia Farmac\u00eautica. Foi implantado por meio da\u00a0Lei n\u00ba 10.858, de 13 de abril de 2004, que autoriza a Funda\u00e7\u00e3o Oswaldo Cruz (FIOCRUZ) a disponibilizar medicamentos mediante ressarcimento, e institui o Programa Farm\u00e1cia Popular do Brasil. As unidades pr\u00f3prias contam com um elenco de 112 itens, entre medicamentos e o preservativo masculino, os quais s\u00e3o dispensados pelo seu valor de custo, representando uma redu\u00e7\u00e3o de at\u00e9 90% do valor de mercado. A condi\u00e7\u00e3o para a aquisi\u00e7\u00e3o dos medicamentos <\/p>\n","protected":false},"author":1,"featured_media":0,"parent":0,"menu_order":0,"comment_status":"closed","ping_status":"closed","template":"","meta":{"footnotes":""},"class_list":["post-3927","page","type-page","status-publish","hentry"],"aioseo_notices":[],"_links":{"self":[{"href":"https:\/\/www.encontraosasco.com.br\/sobre\/wp-json\/wp\/v2\/pages\/3927"}],"collection":[{"href":"https:\/\/www.encontraosasco.com.br\/sobre\/wp-json\/wp\/v2\/pages"}],"about":[{"href":"https:\/\/www.encontraosasco.com.br\/sobre\/wp-json\/wp\/v2\/types\/page"}],"author":[{"embeddable":true,"href":"https:\/\/www.encontraosasco.com.br\/sobre\/wp-json\/wp\/v2\/users\/1"}],"replies":[{"embeddable":true,"href":"https:\/\/www.encontraosasco.com.br\/sobre\/wp-json\/wp\/v2\/comments?post=3927"}],"version-history":[{"count":0,"href":"https:\/\/www.encontraosasco.com.br\/sobre\/wp-json\/wp\/v2\/pages\/3927\/revisions"}],"wp:attachment":[{"href":"https:\/\/www.encontraosasco.com.br\/sobre\/wp-json\/wp\/v2\/media?parent=3927"}],"curies":[{"name":"wp","href":"https:\/\/api.w.org\/{rel}","templated":true}]}}