{"id":4078,"date":"2017-10-13T19:59:53","date_gmt":"2017-10-13T22:59:53","guid":{"rendered":"http:\/\/www.encontraosasco.com.br\/sobre\/?page_id=4078"},"modified":"2017-10-13T20:05:22","modified_gmt":"2017-10-13T23:05:22","slug":"policlinica-zona-sul-osasco","status":"publish","type":"page","link":"https:\/\/www.encontraosasco.com.br\/sobre\/policlinica-zona-sul-osasco\/","title":{"rendered":"Policl\u00ednica Zona Sul Osasco"},"content":{"rendered":"<div class=\"90b156a7006dfc5832b0651c68b7182c\" data-index=\"1\" style=\"float: none; margin:0px;\">\n<script async src=\"https:\/\/pagead2.googlesyndication.com\/pagead\/js\/adsbygoogle.js?client=ca-pub-8585364105181520\"\r\n     crossorigin=\"anonymous\"><\/script>\r\n<!-- Anuncio display - global -->\r\n<ins class=\"adsbygoogle\"\r\n     style=\"display:block\"\r\n     data-ad-client=\"ca-pub-8585364105181520\"\r\n     data-ad-slot=\"8789329856\"\r\n     data-ad-format=\"auto\"\r\n     data-full-width-responsive=\"true\"><\/ins>\r\n<script>\r\n     (adsbygoogle = window.adsbygoogle || []).push({});\r\n<\/script>\n<\/div>\n<p>Uma\u00a0<b>policl\u00ednica<\/b>\u00a0\u00e9 uma institui\u00e7\u00e3o m\u00e9dica onde \u00e9 prestada uma gama alargada de\u00a0cuidados de sa\u00fade, incluindo servi\u00e7os de\u00a0diagn\u00f3stico\u00a0e de tratamento ambulat\u00f3rio, sem necessidade de internamento.\u00a0Uma policl\u00ednica t\u00edpica oferece os servi\u00e7os de um leque diversificado de profissionais de sa\u00fade, incluindo\u00a0m\u00e9dicos\u00a0e\u00a0enfermeiros\u00a0de m\u00faltiplas especialidades, que prestam cuidados de sa\u00fade em regime ambulat\u00f3rio, incluindo atendimento urgente e pequena\u00a0cirurgia, mas n\u00e3o oferece servi\u00e7os cir\u00fargicos de m\u00e9dia e grande complexidade e n\u00e3o permite a presta\u00e7\u00e3o de cuidados pr\u00e9- e p\u00f3s-operativos nem de\u00a0cuidados intensivos.<\/p>\n<p><img loading=\"lazy\" decoding=\"async\" class=\"alignnone wp-image-4080 size-full\" title=\"Policl\u00ednica Zona Sul Osasco\" src=\"http:\/\/www.encontraosasco.com.br\/sobre\/wp-content\/uploads\/2017\/10\/policlinica-zona-sul-osasco.jpg\" alt=\"Policl\u00ednica Zona Sul Osasco\" width=\"680\" height=\"189\" srcset=\"https:\/\/www.encontraosasco.com.br\/sobre\/wp-content\/uploads\/2017\/10\/policlinica-zona-sul-osasco.jpg 680w, https:\/\/www.encontraosasco.com.br\/sobre\/wp-content\/uploads\/2017\/10\/policlinica-zona-sul-osasco-300x83.jpg 300w\" sizes=\"(max-width: 680px) 100vw, 680px\" \/><\/p>\n<p>A <strong>Policl\u00ednica Zona Sul Osasco<\/strong> fica situada pr\u00f3xima \u00e0 Catedral Santo Ant\u00f4nio, veja maiores informa\u00e7\u00f5es abaixo.<em><br \/>\n<\/em><\/p>\n<h2>Policl\u00ednica Dr. Jo\u00e3o Domingos Correa Osasco\u00a0Servi\u00e7os<\/h2>\n<p><em>Atendimento a popula\u00e7\u00e3o<\/em> para diagn\u00f3stico e tratamento das DSTs, teste r\u00e1pido para HIV, Hepatites e S\u00edfilis, distribui\u00e7\u00e3o de insumos de preven\u00e7\u00e3o as DSTs e material educativos, capacita\u00e7\u00e3o de profissionais da sa\u00fade, monitoramento dos agravos, campanhas de preven\u00e7\u00e3o e promo\u00e7\u00e3o.<\/p>\n<h3>Hor\u00e1rio de Funcionamento\u00a0Policl\u00ednica Zona Sul\u00a0em Osasco<\/h3>\n<ul>\n<li>Segunda a Sexta: das 07h \u00e0s 19h<\/li>\n<\/ul>\n<h3>Endere\u00e7o e Telefone\u00a0Policl\u00ednica Zona Sul em Osasco<\/h3>\n<ul>\n<li>Rua da Saudade, 100 \u2013 Jd. Bela Vista &#8211; Osasco &#8211; SP<\/li>\n<li>Telefone: (11) 2183-0750<\/li>\n<\/ul>\n<h3>Outras informa\u00e7\u00f5es e site<\/h3>\n<ul>\n<li>Mais informa\u00e7\u00f5es:\u00a0<a href=\"http:\/\/prefeitura.osasco.sp.gov.br\/ConteudoSecretaria.aspx?ID=29&amp;IDSUB=140\" target=\"_blank\" rel=\"noopener noreferrer\">www.prefeitura.osasco.sp.gov.br\/ConteudoSecretaria.aspx?ID=29&amp;IDSUB=140<\/a><\/li>\n<\/ul>\n<h4>Mapa de localiza\u00e7\u00e3o<\/h4>\n<a class=\"wp-colorbox-iframe\" href=\"https:\/\/www.google.com\/maps\/embed?pb=!1m18!1m12!1m3!1d3657.8260109057114!2d-46.785803085022586!3d-23.538759484694108!2m3!1f0!2f0!3f0!3m2!1i1024!2i768!4f13.1!3m3!1m2!1s0x94ceff0bc83f652b0xd4714ce2f552548a!2sPoliclnica+Dr.+Joo+Domingos+Correa!5e0!3m2!1spt-BR!2sbr!4v1507935382269\"><img decoding=\"async\" src=\"http:\/\/www.encontraosasco.com.br\/imgs\/maps-post.png\"><\/a>\n\n<div style=\"font-size: 0px; height: 0px; line-height: 0px; margin: 0; padding: 0; clear: both;\"><\/div>","protected":false},"excerpt":{"rendered":"<p>Uma\u00a0policl\u00ednica\u00a0\u00e9 uma institui\u00e7\u00e3o m\u00e9dica onde \u00e9 prestada uma gama alargada de\u00a0cuidados de sa\u00fade, incluindo servi\u00e7os de\u00a0diagn\u00f3stico\u00a0e de tratamento ambulat\u00f3rio, sem necessidade de internamento.\u00a0Uma policl\u00ednica t\u00edpica oferece os servi\u00e7os de um leque diversificado de profissionais de sa\u00fade, incluindo\u00a0m\u00e9dicos\u00a0e\u00a0enfermeiros\u00a0de m\u00faltiplas especialidades, que prestam cuidados de sa\u00fade em regime ambulat\u00f3rio, incluindo atendimento urgente e pequena\u00a0cirurgia, mas n\u00e3o oferece servi\u00e7os cir\u00fargicos de m\u00e9dia e grande complexidade e n\u00e3o permite a presta\u00e7\u00e3o de cuidados pr\u00e9- e p\u00f3s-operativos nem de\u00a0cuidados intensivos. A Policl\u00ednica Zona Sul Osasco fica situada pr\u00f3xima \u00e0 Catedral Santo Ant\u00f4nio, veja maiores informa\u00e7\u00f5es abaixo. Policl\u00ednica Dr. Jo\u00e3o Domingos Correa Osasco\u00a0Servi\u00e7os Atendimento a popula\u00e7\u00e3o <\/p>\n","protected":false},"author":1,"featured_media":0,"parent":0,"menu_order":0,"comment_status":"closed","ping_status":"closed","template":"","meta":{"footnotes":""},"class_list":["post-4078","page","type-page","status-publish","hentry"],"aioseo_notices":[],"_links":{"self":[{"href":"https:\/\/www.encontraosasco.com.br\/sobre\/wp-json\/wp\/v2\/pages\/4078"}],"collection":[{"href":"https:\/\/www.encontraosasco.com.br\/sobre\/wp-json\/wp\/v2\/pages"}],"about":[{"href":"https:\/\/www.encontraosasco.com.br\/sobre\/wp-json\/wp\/v2\/types\/page"}],"author":[{"embeddable":true,"href":"https:\/\/www.encontraosasco.com.br\/sobre\/wp-json\/wp\/v2\/users\/1"}],"replies":[{"embeddable":true,"href":"https:\/\/www.encontraosasco.com.br\/sobre\/wp-json\/wp\/v2\/comments?post=4078"}],"version-history":[{"count":0,"href":"https:\/\/www.encontraosasco.com.br\/sobre\/wp-json\/wp\/v2\/pages\/4078\/revisions"}],"wp:attachment":[{"href":"https:\/\/www.encontraosasco.com.br\/sobre\/wp-json\/wp\/v2\/media?parent=4078"}],"curies":[{"name":"wp","href":"https:\/\/api.w.org\/{rel}","templated":true}]}}