{"id":4486,"date":"2017-11-26T21:29:33","date_gmt":"2017-11-27T00:29:33","guid":{"rendered":"http:\/\/www.encontraosasco.com.br\/sobre\/?page_id=4486"},"modified":"2019-12-03T04:34:20","modified_gmt":"2019-12-03T07:34:20","slug":"museu-osasco","status":"publish","type":"page","link":"https:\/\/www.encontraosasco.com.br\/sobre\/museu-osasco\/","title":{"rendered":"Museu Osasco"},"content":{"rendered":"<div class=\"90b156a7006dfc5832b0651c68b7182c\" data-index=\"1\" style=\"float: none; margin:0px;\">\n<script async src=\"https:\/\/pagead2.googlesyndication.com\/pagead\/js\/adsbygoogle.js?client=ca-pub-8585364105181520\"\r\n     crossorigin=\"anonymous\"><\/script>\r\n<!-- Anuncio display - global -->\r\n<ins class=\"adsbygoogle\"\r\n     style=\"display:block\"\r\n     data-ad-client=\"ca-pub-8585364105181520\"\r\n     data-ad-slot=\"8789329856\"\r\n     data-ad-format=\"auto\"\r\n     data-full-width-responsive=\"true\"><\/ins>\r\n<script>\r\n     (adsbygoogle = window.adsbygoogle || []).push({});\r\n<\/script>\n<\/div>\n<p>O\u00a0Museu Dimitri Sensaud de Lavaud, tamb\u00e9m conhecido como\u00a0<b>Museu de Osasco<\/b>, localiza-se no munic\u00edpio de Osasco na grande S\u00e3o Paulo, era no seu in\u00edcio um casar\u00e3o que fora constru\u00eddo no s\u00e9culo XIX por\u00a0Ant\u00f4nio Ag\u00fa\u00a0(cujo morou no casar\u00e3o juntamente de sua esposa Primitiva Vianco), a mando do banqueiro Giovanni Br\u00edcola. Se tornou museu apenas em 1976 com o intuito de contar um pouco a hist\u00f3ria da cidade de\u00a0<a title=\"Osasco\" href=\"https:\/\/pt.wikipedia.org\/wiki\/Osasco\">Osasco<\/a>\u00a0desde sua cria\u00e7\u00e3o. O chal\u00e9 se localiza na regi\u00e3o onde hoje \u00e9 a\u00a0Avenida dos Autonomistas.<\/p>\n<p><img loading=\"lazy\" decoding=\"async\" class=\"alignnone wp-image-4487 size-full\" title=\"Museu de Osasco\" src=\"http:\/\/www.encontraosasco.com.br\/sobre\/wp-content\/uploads\/2017\/11\/museu-de-osasco.jpg\" alt=\"Museu de Osasco\" width=\"680\" height=\"189\" srcset=\"https:\/\/www.encontraosasco.com.br\/sobre\/wp-content\/uploads\/2017\/11\/museu-de-osasco.jpg 680w, https:\/\/www.encontraosasco.com.br\/sobre\/wp-content\/uploads\/2017\/11\/museu-de-osasco-300x83.jpg 300w\" sizes=\"(max-width: 680px) 100vw, 680px\" \/><\/p>\n<p>Em 2007, a\u00a0prefeitura da cidade de Osasco\u00a0deu in\u00edcio a obra de restaura\u00e7\u00e3o do museu, que foi feita cooperativamente com jovens do curso de capacita\u00e7\u00e3o profissional em restauro de Patrim\u00f4nio Cultural. Durante o projeto mais de cem pessoas foram empregadas, al\u00e9m disso o projeto tamb\u00e9m demandou um trabalho harmonioso com as outras obras de restauro da regi\u00e3o. Toda a obra de restaura\u00e7\u00e3o foi feita respeitando toda a pesquisa a cerca da arquitetura do casar\u00e3o, n\u00e3o mudando sua estrutura.<\/p>\n<p>Desde 2009, a secretaria municipal da cultura est\u00e1 trabalhando para que alguns bens m\u00f3veis e im\u00f3veis presentes no museu sejam tombados como patrim\u00f4nio hist\u00f3rico pelo CONDEPA (Conselho Municipal de Defesa e Preserva\u00e7\u00e3o do Patrim\u00f4nio Hist\u00f3rico, Art\u00edstico e Cultural). O projeto ainda est\u00e1 em andamento e n\u00e3o h\u00e1 previs\u00e3o de t\u00e9rmino.<\/p>\n<p>Em 18 de maio de 2013, o museu foi reinaugurado pelo atual prefeito da \u00e9poca,\u00a0Jorge Lapas, a reabertura tinha objetivo de celebrar o dia mundial dos museus. O evento teve como atra\u00e7\u00e3o principal a pe\u00e7a \u201cA hist\u00f3ria de Dimitri\u201d e a exposi\u00e7\u00e3o de arte \u201cArtes e Of\u00edcios\u201d. A prefeitura pretende aprimorar cada vez mais o acervo hist\u00f3rico.<\/p>\n<h2>Museu de\u00a0Osasco Acervo<\/h2>\n<p>As obras que l\u00e1 se encontram s\u00e3o doa\u00e7\u00f5es de antigos moradores da cidade de Osasco. Todas as obras de certa forma contam um pouco sobre a hist\u00f3ria da cidade. S\u00e3o encontrados alguns trof\u00e9us, um antigo fog\u00e3o \u00e0 lenha, m\u00e1quinas de escrever e m\u00e1quinas fotogr\u00e1ficas antigas doadas por jornalistas. Tamb\u00e9m existe uma sala inteiramente destinada a representar a primeira farm\u00e1cia de Osasco (todo o <em>acervo<\/em> da farm\u00e1cia foi doado pelo dono da antiga farm\u00e1cia). O museu ainda recebe doa\u00e7\u00f5es para constru\u00e7\u00e3o de seu acervo, desde que contribuam para constru\u00e7\u00e3o e mem\u00f3ria da cidade.<\/p>\n<p>As principais obras do acervo s\u00e3o a r\u00e9plica do avi\u00e3o que deu origem ao primeiro voo da Am\u00e9rica Latina e o canh\u00e3o de guerra utilizado na segunda guerra mundial. Ambos n\u00e3o encontram-se mais no museu, pois o avi\u00e3o foi retirado para restaura\u00e7\u00e3o e o canh\u00e3o foi furtado.<\/p>\n<h3>Hor\u00e1rio de Funcionamento\u00a0Museu em Osasco<\/h3>\n<ul>\n<li>Segunda a Sexta: das 08h \u00e0s 17h<\/li>\n<\/ul>\n<h3>Endere\u00e7o e Telefone\u00a0Museu em Osasco<\/h3>\n<ul>\n<li>Av. dos Autonomistas, 4001 &#8211; Centro\u00a0&#8211; Osasco &#8211; SP<\/li>\n<li>Telefone: (11)\u00a03654-3108<\/li>\n<\/ul>\n<h3>Mapa de localiza\u00e7\u00e3o<\/h3>\n<a class=\"wp-colorbox-iframe\" href=\"https:\/\/www.google.com\/maps\/embed?pb=!1m14!1m8!1m3!1d14632.323668384828!2d-46.787952!3d-23.5295919!3m2!1i1024!2i768!4f13.1!3m3!1m2!1s0x00x48864932ac60cf26!2sMuseu+Dimitri+Sensaud+de+Lavaud!5e0!3m2!1spt-BR!2sbr!4v1511742405644\"><img decoding=\"async\" src=\"http:\/\/www.encontraosasco.com.br\/imgs\/maps-post.png\"><\/a>\n\n<div style=\"font-size: 0px; height: 0px; line-height: 0px; margin: 0; padding: 0; clear: both;\"><\/div>","protected":false},"excerpt":{"rendered":"<p>O\u00a0Museu Dimitri Sensaud de Lavaud, tamb\u00e9m conhecido como\u00a0Museu de Osasco, localiza-se no munic\u00edpio de Osasco na grande S\u00e3o Paulo, era no seu in\u00edcio um casar\u00e3o que fora constru\u00eddo no s\u00e9culo XIX por\u00a0Ant\u00f4nio Ag\u00fa\u00a0(cujo morou no casar\u00e3o juntamente de sua esposa Primitiva Vianco), a mando do banqueiro Giovanni Br\u00edcola. Se tornou museu apenas em 1976 com o intuito de contar um pouco a hist\u00f3ria da cidade de\u00a0Osasco\u00a0desde sua cria\u00e7\u00e3o. O chal\u00e9 se localiza na regi\u00e3o onde hoje \u00e9 a\u00a0Avenida dos Autonomistas. Em 2007, a\u00a0prefeitura da cidade de Osasco\u00a0deu in\u00edcio a obra de restaura\u00e7\u00e3o do museu, que foi feita cooperativamente com jovens <\/p>\n","protected":false},"author":1,"featured_media":0,"parent":0,"menu_order":0,"comment_status":"closed","ping_status":"closed","template":"","meta":{"footnotes":""},"class_list":["post-4486","page","type-page","status-publish","hentry"],"aioseo_notices":[],"_links":{"self":[{"href":"https:\/\/www.encontraosasco.com.br\/sobre\/wp-json\/wp\/v2\/pages\/4486"}],"collection":[{"href":"https:\/\/www.encontraosasco.com.br\/sobre\/wp-json\/wp\/v2\/pages"}],"about":[{"href":"https:\/\/www.encontraosasco.com.br\/sobre\/wp-json\/wp\/v2\/types\/page"}],"author":[{"embeddable":true,"href":"https:\/\/www.encontraosasco.com.br\/sobre\/wp-json\/wp\/v2\/users\/1"}],"replies":[{"embeddable":true,"href":"https:\/\/www.encontraosasco.com.br\/sobre\/wp-json\/wp\/v2\/comments?post=4486"}],"version-history":[{"count":0,"href":"https:\/\/www.encontraosasco.com.br\/sobre\/wp-json\/wp\/v2\/pages\/4486\/revisions"}],"wp:attachment":[{"href":"https:\/\/www.encontraosasco.com.br\/sobre\/wp-json\/wp\/v2\/media?parent=4486"}],"curies":[{"name":"wp","href":"https:\/\/api.w.org\/{rel}","templated":true}]}}